ate the remainder when 305 is divided by 44.
41
Calculate the remainder when 197 is divided by 59.
20
What is the remainder when 1994 is divided by 111?
107
What is the remainder when 398 is divided by 10?
8
What is the remainder when 305 is divided by 145?
15
Calculate the remainder when 2396 is divided by 399.
2
What is the remainder when 488 is divided by 26?
20
What is the remainder when 65 is divided by 23?
19
What is the remainder when 11280 is divided by 3?
0
What is the remainder when 537 is divided by 131?
13
What is the remainder when 174 is divided by 88?
86
What is the remainder when 237 is divided by 68?
33
What is the remainder when 276 is divided by 138?
0
Calculate the remainder when 5344 is divided by 9.
7
What is the remainder when 219 is divided by 183?
36
Calculate the remainder when 7726 is divided by 24.
22
What is the remainder when 518 is divided by 118?
46
What is the remainder when 194 is divided by 50?
44
Calculate the remainder when 53 is divided by 14.
11
What is the remainder when 3286 is divided by 150?
136
What is the remainder when 6069 is divided by 46?
43
What is the remainder when 539 is divided by 15?
14
What is the remainder when 233 is divided by 81?
71
Calculate the remainder when 373 is divided by 24.
13
Calculate the remainder when 2920 is divided by 263.
27
What is the remainder when 725 is divided by 179?
9
What is the remainder when 35331 is divided by 292?
291
What is the remainder when 231 is divided by 57?
3
What is the remainder when 33 is divided by 20?
13
Calculate the remainder when 1167 is divided by 78.
75
What is the remainder when 18 is divided by 12?
6
Calculate the remainder when 8520 is divided by 25.
20
What is the remainder when 877 is divided by 68?
61
Calculate the remainder when 910 is divided by 143.
52
What is the remainder when 280 is divided by 126?
28
Calculate the remainder when 5483 is divided by 1826.
5
What is the remainder when 125 is divided by 4?
1
What is the remainder when 644 is divided by 159?
8
Calculate the remainder when 65 is divided by 3.
2
Calculate the remainder when 1534 is divided by 20.
14
Calculate the remainder when 484 is divided by 147.
43
What is the remainder when 66 is divided by 19?
9
Calculate the remainder when 67 is divided by 67.
0
What is the remainder when 474 is divided by 25?
24
Calculate the remainder when 41 is divided by 17.
7
Calculate the remainder when 602 is divided by 101.
97
Calculate the remainder when 163 is divided by 57.
49
What is the remainder when 546 is divided by 145?
111
What is the remainder when 34311 is divided by 38?
35
Calculate the remainder when 331 is divided by 12.
7
Calculate the remainder when 63 is divided by 8.
7
Calculate the remainder when 228 is divided by 81.
66
Calculate the remainder when 77 is divided by 8.
5
What is the remainder when 89 is divided by 62?
27
Calculate the remainder when 677 is divided by 336.
5
What is the remainder when 755 is divided by 67?
18
Calculate the remainder when 65 is divided by 59.
6
Calculate the remainder when 1158 is divided by 5.
3
Calculate the remainder when 507 is divided by 169.
0
Calculate the remainder when 3029 is divided by 67.
14
What is the remainder when 2290 is divided by 17?
12
Calculate the remainder when 548 is divided by 11.
9
Calculate the remainder when 563 is divided by 199.
165
What is the remainder when 177 is divided by 15?
12
Calculate the remainder when 1186 is divided by 10.
6
Calculate the remainder when 2417 is divided by 22.
19
Calculate the remainder when 1216 is divided by 130.
46
What is the remainder when 94 is divided by 39?
16
Calculate the remainder when 160 is divided by 66.
28
What is the remainder when 373 is divided by 189?
184
What is the remainder when 30808 is divided by 26?
24
Calculate the remainder when 285 is divided by 247.
38
What is the remainder when 351 is divided by 89?
84
Calculate the remainder when 2858 is divided by 2851.
7
Calculate the remainder when 41037 is divided by 54.
51
Calculate the remainder when 777 is divided by 28.
21
What is the remainder when 1163 is divided by 91?
71
Calculate the remainder when 95 is divided by 34.
27
What is the remainder when 580 is divided by 49?
41
Calculate the remainder when 494 is divided by 137.
83
Calculate the remainder when 5789 is divided by 39.
17
Calculate the remainder when 49 is divided by 13.
10
What is the remainder when 419 is divided by 60?
59
Calculate the remainder when 82 is divided by 11.
5
What is the remainder when 11672 is divided by 16?
8
Calculate the remainder when 193 is divided by 17.
6
Calculate the remainder when 559 is divided by 437.
122
Calculate the remainder when 78 is divided by 34.
10
What is the remainder when 960 is divided by 24?
0
What is the remainder when 272 is divided by 25?
22
Calculate the remainder when 182 is divided by 136.
46
Calculate the remainder when 517 is divided by 18.
13
Calculate the remainder when 614 is divided by 88.
86
Calculate the remainder when 115 is divided by 61.
54
Calculate the remainder when 89 is divided by 74.
15
Calculate the remainder when 374 is divided by 14.
10
What is the remainder when 157 is divided by 7?
3
What is the remainder when 79 is divided by 65?
14
Calculate the remainder when 57658 is divided by 62.
60
What is the remainder when 183 is divided by 84?
15
What is the remainder when 1466 is divided by 18?
8
What is the remainder when 6535 is divided by 187?
177
Calculate the remainder when 829 is divided by 13.
10
What is the remainder when 653 is divided by 47?
42
What is the remainder when 70 is divided by 14?
0
What is the remainder when 201 is divided by 9?
3
Calculate the remainder when 240 is divided by 84.
72
Calculate the remainder when 19871 is divided by 159.
155
Calculate the remainder when 261 is divided by 233.
28
Calculate the remainder when 3723 is divided by 76.
75
What is the remainder when 219 is divided by 207?
12
What is the remainder when 41 is divided by 41?
0
Calculate the remainder when 215 is divided by 36.
35
Calculate the remainder when 1441 is divided by 478.
7
What is the remainder when 615 is divided by 22?
21
Calculate the remainder when 246 is divided by 126.
120
Calculate the remainder when 695 is divided by 86.
7
Calculate the remainder when 186 is divided by 64.
58
What is the remainder when 168 is divided by 80?
8
What is the remainder when 154 is divided by 23?
16
What is the remainder when 4390 is divided by 6?
4
Calculate the remainder when 10539 is divided by 20.
19
Calculate the remainder when 3735 is divided by 38.
11
What is the remainder when 6882 is divided by 11?
7
Calculate the remainder when 122 is divided by 7.
3
Calculate the remainder when 390 is divided by 50.
40
What is the remainder when 411 is divided by 106?
93
What is the remainder when 432 is divided by 23?
18
What is the remainder when 28 is divided by 22?
6
Calculate the remainder when 643 is divided by 208.
19
Calculate the remainder when 175 is divided by 42.
7
Calculate the remainder when 854 is divided by 45.
44
What is the remainder when 291 is divided by 130?
31
What is the remainder when 861 is divided by 54?
51
Calculate the remainder when 4498 is divided by 92.
82
Calculate the remainder when 2297 is divided by 19.
17
What is the remainder when 94 is divided by 12?
10
What is the remainder when 283 is divided by 95?
93
Calculate the remainder when 168 is divided by 24.
0
What is the remainder when 9103 is divided by 2274?
7
What is the remainder when 86 is divided by 22?
20
Calculate the remainder when 34 is divided by 1.
0
What is the remainder when 575 is divided by 158?
101
Calculate the remainder when 45 is divided by 9.
0
Calculate the remainder when 412 is divided by 198.
16
What is the remainder when 167 is divided by 84?
83
Calculate the remainder when 68 is divided by 7.
5
What is the remainder when 237 is divided by 116?
5
What is the remainder when 570 is divided by 14?
10
What is the remainder when 4160 is divided by 97?
86
Calculate the remainder when 294 is divided by 102.
90
Calculate the remainder when 378 is divided by 133.
112
What is the remainder when 7715 is divided by 34?
31
What is the remainder when 3298 is divided by 19?
11
Calculate the 